Riepiloghi dati NOAA


Riepilogo del 2022 Novembre
                   MONTHLY CLIMATOLOGICAL SUMMARY for NOV. 2022

NAME: SMRS   CITY: Rosignano Solvay   STATE: Italy 
ELEV:    24 m  LAT:  43° 23' 29" N  LONG:  10° 26' 58" E

                   TEMPERATURE (°C), RAIN  (mm), WIND SPEED (km/hr)

                                      HEAT  COOL        AVG
    MEAN                              DEG   DEG         WIND                 DOM
DAY TEMP  HIGH   TIME   LOW    TIME   DAYS  DAYS  RAIN  SPEED HIGH   TIME    DIR
------------------------------------------------------------------------------------
 1  15.4  20.7   11:30   9.0    6:30   4.6   0.1   0.0   2.1  16.1   13:40     E
 2  17.7  21.6   13:25  13.2    6:55   2.6   0.3   0.3   3.9  22.5   11:15     E
 3  18.2  21.4   14:45  15.4    6:20   1.9   0.2  23.9   6.4  46.7   23:10     E
 4  18.4  20.1    6:35  14.9   00:00   1.5   0.0   1.5  16.9  57.9   13:35     W
 5  15.1  19.3   14:55  12.4    6:35   4.9   0.0   0.0   8.2  37.0   11:05    NE
 6  14.7  19.5   14:55   9.0   23:55   5.4   0.0   0.0   7.4  29.0   11:20    NE
 7  14.3  19.9   14:45   8.6    2:30   5.7   0.0   0.0   3.5  20.9   13:55     E
 8  15.6  20.3   13:00  10.2    6:15   4.4   0.0   1.3   5.0  27.4   15:50     E
 9  17.2  20.1   13:15  15.1    6:55   2.8   0.0   0.0   6.3  30.6   13:55    SE
10  16.5  18.2   14:30  15.3    4:10   3.5   0.0  22.9   7.2  29.0    4:00    NE
11  17.4  20.5   13:30  15.4   22:50   2.6   0.0   0.0  12.2  35.4    4:40   ENE
12  15.4  18.9   12:40  11.2    6:25   4.6   0.0   0.0   3.4  24.1   16:45   ENE
13  14.7  18.8   13:05  10.9    4:35   5.3   0.0   0.0  10.6  40.2    9:40   ENE
14  13.5  18.2   13:25   8.9   23:45   6.5   0.0   0.0   5.6  27.4    0:55    NE
15  12.7  16.8   18:25   8.3    2:15   7.3   0.0   7.1   4.7  22.5   18:05     E
16  15.8  19.2   12:20  12.7   22:35   4.2   0.0   8.1   4.5  25.7   13:00   ENE
17  17.8  19.3    8:45  15.0   23:45   2.2   0.0   5.8  12.4  41.8    1:45     S
18  17.7  18.9    4:15  15.0    0:05   2.3   0.0   0.5  16.7  54.7   13:20     W
19  13.2  17.9    0:40  11.1   19:35   6.8   0.0  12.7   9.5  33.8   10:25    NE
20  11.7  17.0   15:25   7.4   22:00   8.3   0.0   0.5   4.7  19.3   11:00    NE
21  12.0  16.7   14:15   7.0    6:25   8.0   0.0   6.1   6.1  33.8   13:55     E
22  11.3  12.6    2:35   9.8   23:25   8.7   0.0  26.9   9.7  33.8    7:50     N
23  11.6  16.6   21:00   5.3    4:45   8.4   0.0   1.5   6.6  32.2   20:15   ENE
24  12.4  17.6   14:30   8.8   23:05   7.5   0.0   1.8   4.8  27.4    6:20   ENE
25  11.4  13.7   13:35   8.8    0:15   8.6   0.0   4.8   6.3  32.2   23:30   ENE
26  12.1  15.1   13:55   9.9    7:55   7.9   0.0   1.3  15.9  54.7   17:15    NE
27  11.5  14.9   14:50   8.3   00:00   8.5   0.0   0.0   9.8  37.0    9:30    NE
28   8.4   8.9    3:15   7.6    0:50   3.9   0.0   0.0   6.4  17.7    2:30    NE
29
30
-------------------------------------------------------------------------------------
    14.4  21.6     2     5.3    23   149.3   0.6 127.0   7.7  57.9     4     ENE

Max >=  32.0:  0
Max <=   0.0:  0
Min <=   0.0:  0
Min <= -18.0:  0
Max Rain: 26.92 ON 22/11/22
Days of Rain: 17 (> .2 mm) 9 (> 2 mm) 3 (> 20 mm)
Heat Base:  20.0  Cool Base:  20.0  Method: Integration