Riepiloghi dati NOAA

Seleziona il periodo richiesto
2022: Gen Feb Mar Apr Mag Giu Lug Ago Set Ott Nov Dic
2021: Gen Feb Mar Apr Mag Giu Lug Ago Set Ott Nov Dic
2020: Gen Feb Mar Apr Mag Giu Lug Ago Set Ott Nov Dic

Riepilogo del 2022 Agosto
                   MONTHLY CLIMATOLOGICAL SUMMARY for AUG. 2022

NAME: SMRS   CITY: Rosignano Solvay   STATE: Italy 
ELEV:    24 m  LAT:  43° 23' 29" N  LONG:  10° 26' 58" E

                   TEMPERATURE (°C), RAIN  (mm), WIND SPEED (km/hr)

                                      HEAT  COOL        AVG
    MEAN                              DEG   DEG         WIND                 DOM
DAY TEMP  HIGH   TIME   LOW    TIME   DAYS  DAYS  RAIN  SPEED HIGH   TIME    DIR
------------------------------------------------------------------------------------
 1  28.0  33.9   18:10  21.4    6:00   0.0   8.0   0.0   5.1  27.4   14:10     N
 2  28.6  34.3   13:10  22.3    6:05   0.0   8.5   0.0   5.8  27.4   10:30     N
 3  29.4  33.1   11:40  25.1    1:55   0.0   9.4   0.0   9.2  35.4    8:35     N
 4  28.4  34.0   18:15  22.0    6:10   0.0   8.5   0.0   6.3  32.2   16:05     N
 5  27.4  30.0   15:55  24.1    7:00   0.0   7.4   0.0   5.6  27.4   14:30     N
 6  27.2  30.1   16:45  23.1    6:20   0.0   7.2   0.0   7.2  37.0   14:50     N
 7  29.8  34.9   13:00  25.4    1:10   0.0   9.8   0.0  12.1  37.0    7:10    NE
 8  28.2  31.3   18:40  25.6    3:45   0.0   8.2   0.0  11.1  37.0    6:50    NE
 9  28.3  33.6   15:50  22.9    3:40   0.0   8.3   0.0   8.0  45.1   13:20   ENE
10  29.2  34.7   16:00  24.7    4:55   0.0   9.2   0.0  11.6  41.8    8:45    NE
11  25.5  27.8    0:05  24.4    5:55   0.0   1.9   0.0  17.5  41.8    8:20    NE
12
13
14
15
16
17
18
19
20
21
22
23
24
25
26
27
28
29
30
31
-------------------------------------------------------------------------------------
    28.2  34.9     7    21.4     1     0.0  86.6   0.0   9.1  45.1     9       N

Max >=  32.0:  7
Max <=   0.0:  0
Min <=   0.0:  0
Min <= -18.0:  0
Max Rain: 0.00 ON 01/08/22
Days of Rain: 0 (> .2 mm) 0 (> 2 mm) 0 (> 20 mm)
Heat Base:  20.0  Cool Base:  20.0  Method: Integration