Riepiloghi dati NOAA
Seleziona il periodo richiesto
2024: Gen Feb Mar Apr Mag Giu Lug Ago Set Ott Nov Dic
2023: Gen Feb Mar Apr Mag Giu Lug Ago Set Ott Nov Dic
2022: Gen Feb Mar Apr Mag Giu Lug Ago Set Ott Nov Dic
2021: Gen Feb Mar Apr Mag Giu Lug Ago Set Ott Nov Dic
2020: Gen Feb Mar Apr Mag Giu Lug Ago Set Ott Nov Dic
2024: Gen Feb Mar Apr Mag Giu Lug Ago Set Ott Nov Dic
2023: Gen Feb Mar Apr Mag Giu Lug Ago Set Ott Nov Dic
2022: Gen Feb Mar Apr Mag Giu Lug Ago Set Ott Nov Dic
2021: Gen Feb Mar Apr Mag Giu Lug Ago Set Ott Nov Dic
2020: Gen Feb Mar Apr Mag Giu Lug Ago Set Ott Nov Dic
Riepilogo del 2020 Agosto
MONTHLY CLIMATOLOGICAL SUMMARY for AUG. 2020 NAME: SMRS CITY: Rosignano Solvay STATE: Italy ELEV: 24 m LAT: 43° 23' 29" N LONG: 10° 26' 58" E TEMPERATURE (°C), RAIN (mm), WIND SPEED (km/hr) HEAT COOL AVG MEAN DEG DEG WIND DOM DAY TEMP HIGH TIME LOW TIME DAYS DAYS RAIN SPEED HIGH TIME DIR ------------------------------------------------------------------------------------ 1 26.6 30.4 16:05 21.4 6:15 0.0 6.6 0.0 4.8 19.3 11:30 W 2 26.5 30.0 16:50 22.8 2:35 0.0 6.5 0.0 5.1 20.9 12:15 WSW 3 26.0 28.8 15:35 23.7 3:00 0.0 6.0 0.0 11.9 53.1 23:50 WSW 4 24.3 26.9 15:35 21.4 00:00 0.0 4.3 0.0 13.4 53.1 0:25 W 5 24.5 29.6 16:20 20.4 6:40 0.0 4.5 0.0 12.1 56.3 10:20 NE 6 25.2 29.2 12:20 19.1 6:10 0.1 5.2 0.0 7.7 41.8 13:55 NNE 7 28.1 33.4 17:00 23.1 5:40 0.0 8.1 0.0 12.4 41.8 11:25 NE 8 29.4 34.9 14:35 21.9 5:05 0.0 9.4 0.0 10.1 43.5 12:30 NNE 9 30.1 35.1 13:25 26.1 2:00 0.0 10.0 0.0 9.2 35.4 14:10 NE 10 26.8 31.5 9:50 21.7 6:40 0.0 6.8 0.0 6.3 32.2 14:55 W 11 25.6 30.1 17:55 20.7 4:20 0.0 5.5 0.0 5.3 27.4 15:55 W 12 25.6 30.3 16:20 19.4 6:35 0.0 5.6 0.0 4.7 22.5 15:20 W 13 26.0 29.7 16:30 21.2 5:05 0.0 6.0 0.0 6.0 27.4 19:50 ENE 14 25.9 28.6 13:30 21.1 6:25 0.0 5.9 0.0 6.9 25.7 15:00 W 15 26.1 29.0 13:15 23.1 7:00 0.0 6.0 0.0 5.5 25.7 14:20 W 16 26.1 30.6 17:10 21.2 6:20 0.0 6.1 0.0 4.2 22.5 13:55 W 17 25.6 28.4 14:15 23.1 2:20 0.0 5.5 0.0 6.6 29.0 13:25 W 18 25.0 27.6 15:20 22.7 7:30 0.0 5.0 0.0 7.7 40.2 14:05 W 19 25.3 28.1 14:20 22.3 6:15 0.0 5.3 0.0 6.1 25.7 14:45 W 20 24.8 28.9 18:55 19.2 6:10 0.0 4.8 0.0 5.3 22.5 14:50 W 21 25.4 30.3 10:50 18.2 6:30 0.2 5.6 0.0 4.2 19.3 14:15 W 22 24.9 28.6 14:30 20.2 6:55 0.0 5.0 0.0 5.5 22.5 13:50 W 23 25.4 29.5 15:45 20.6 6:50 0.0 5.4 0.0 6.4 33.8 14:40 W 24 25.8 30.1 11:45 21.2 3:05 0.0 5.8 0.0 7.1 30.6 15:45 W 25 25.2 28.4 10:30 21.0 6:45 0.0 5.2 0.0 6.8 30.6 15:00 W 26 25.6 28.7 15:45 21.9 5:50 0.0 5.5 0.0 5.1 22.5 12:15 W 27 25.3 29.2 16:30 20.4 4:55 0.0 5.3 0.0 5.0 20.9 10:55 WSW 28 25.3 28.3 18:50 20.7 7:00 0.0 5.3 0.0 6.8 30.6 23:50 WSW 29 27.1 30.6 14:20 24.7 2:40 0.0 7.1 0.0 19.5 74.0 17:25 SSE 30 24.0 26.8 0:05 22.4 7:20 0.0 4.0 7.4 14.0 59.5 5:25 W 31 19.2 23.1 0:25 15.6 23:05 1.5 0.8 15.7 5.1 30.6 16:50 ENE ------------------------------------------------------------------------------------- 25.7 35.1 9 15.6 31 1.8 178.4 23.1 7.6 74.0 29 W Max >= 32.0: 3 Max <= 0.0: 0 Min <= 0.0: 0 Min <= -18.0: 0 Max Rain: 15.75 ON 31/08/20 Days of Rain: 2 (> .2 mm) 2 (> 2 mm) 0 (> 20 mm) Heat Base: 20.0 Cool Base: 20.0 Method: Integration