Riepiloghi dati NOAA
Seleziona il periodo richiesto
2024: Gen Feb Mar Apr Mag Giu Lug Ago Set Ott Nov Dic
2023: Gen Feb Mar Apr Mag Giu Lug Ago Set Ott Nov Dic
2022: Gen Feb Mar Apr Mag Giu Lug Ago Set Ott Nov Dic
2021: Gen Feb Mar Apr Mag Giu Lug Ago Set Ott Nov Dic
2020: Gen Feb Mar Apr Mag Giu Lug Ago Set Ott Nov Dic
2024: Gen Feb Mar Apr Mag Giu Lug Ago Set Ott Nov Dic
2023: Gen Feb Mar Apr Mag Giu Lug Ago Set Ott Nov Dic
2022: Gen Feb Mar Apr Mag Giu Lug Ago Set Ott Nov Dic
2021: Gen Feb Mar Apr Mag Giu Lug Ago Set Ott Nov Dic
2020: Gen Feb Mar Apr Mag Giu Lug Ago Set Ott Nov Dic
Riepilogo del 2020 Novembre
MONTHLY CLIMATOLOGICAL SUMMARY for NOV. 2020 NAME: SMRS CITY: Rosignano Solvay STATE: Italy ELEV: 24 m LAT: 43° 23' 29" N LONG: 10° 26' 58" E TEMPERATURE (°C), RAIN (mm), WIND SPEED (km/hr) HEAT COOL AVG MEAN DEG DEG WIND DOM DAY TEMP HIGH TIME LOW TIME DAYS DAYS RAIN SPEED HIGH TIME DIR ------------------------------------------------------------------------------------ 1 16.6 18.9 12:55 13.9 2:50 3.4 0.0 0.0 3.7 27.4 12:35 W 2 17.2 18.6 12:25 16.2 2:30 2.8 0.0 0.0 2.6 20.9 5:05 WSW 3 16.3 17.1 11:40 15.6 22:40 3.7 0.0 5.6 2.6 16.1 14:55 SE 4 17.1 20.2 12:25 15.4 4:35 2.9 0.0 0.0 3.2 19.3 7:55 NE 5 17.2 20.5 13:15 15.0 00:00 2.8 0.0 0.0 6.4 27.4 13:50 ENE 6 16.2 20.3 14:50 12.4 5:55 3.9 0.0 0.0 7.7 33.8 11:25 NE 7 15.8 20.8 12:15 11.5 23:30 4.2 0.0 0.0 3.5 17.7 1:00 ENE 8 14.3 19.7 12:40 9.5 3:25 5.7 0.0 0.0 2.3 14.5 12:45 E 9 13.9 18.9 14:30 9.3 6:45 6.1 0.0 0.0 1.9 14.5 13:10 E 10 13.3 18.2 14:05 9.3 6:50 6.6 0.0 0.0 1.8 12.9 13:10 E 11 14.6 18.7 13:15 9.8 4:10 5.4 0.0 2.8 2.3 17.7 13:25 ENE 12 14.3 17.6 13:30 10.6 23:15 5.7 0.0 3.8 2.6 20.9 11:40 ENE 13 13.1 18.6 12:45 8.2 5:10 6.9 0.0 0.0 2.6 16.1 14:20 ENE 14 13.4 17.8 13:00 10.3 3:45 6.6 0.0 0.0 3.2 16.1 7:30 E 15 14.5 18.6 13:35 9.6 7:25 5.5 0.0 0.0 2.6 12.9 0:20 ENE 16 15.6 18.2 13:00 13.0 23:20 4.4 0.0 5.8 4.2 40.2 23:55 NE 17 14.6 17.1 12:30 12.5 1:20 5.4 0.0 0.0 16.7 64.4 16:05 NE 18 14.4 19.4 14:35 8.8 23:35 5.6 0.0 0.0 10.0 37.0 3:00 NE 19 12.2 17.6 13:35 6.5 7:20 7.8 0.0 0.0 2.3 14.5 11:50 ENE 20 12.0 14.3 0:20 8.8 9:15 8.0 0.0 10.7 17.4 66.0 11:55 NE 21 9.6 11.5 0:05 7.7 18:50 10.5 0.0 0.0 21.4 70.8 9:15 NE 22 9.2 11.8 14:30 5.7 00:00 10.8 0.0 0.0 13.0 57.9 0:40 NE 23 8.4 14.7 14:30 3.3 1:05 11.6 0.0 0.0 5.1 25.7 2:50 NE 24 10.5 15.1 14:05 4.2 4:15 9.5 0.0 0.0 8.2 25.7 11:30 NE 25 11.1 16.2 14:25 6.3 7:45 9.0 0.0 0.0 3.9 14.5 0:20 E 26 11.5 14.5 13:35 7.2 7:00 8.5 0.0 0.0 4.5 16.1 12:05 ENE 27 14.1 17.6 15:40 9.6 7:35 6.0 0.0 0.0 4.7 19.3 22:20 ENE 28 13.7 15.8 13:30 11.7 20:55 6.3 0.0 1.0 9.8 37.0 23:30 ENE 29 13.1 16.4 13:05 11.2 23:50 6.9 0.0 0.0 17.5 53.1 10:30 NE 30 11.5 14.9 13:50 7.2 23:35 8.5 0.0 0.0 8.4 29.0 4:30 NE ------------------------------------------------------------------------------------- 13.6 20.8 7 3.3 23 190.9 0.0 29.7 6.5 70.8 21 NE Max >= 32.0: 0 Max <= 0.0: 0 Min <= 0.0: 0 Min <= -18.0: 0 Max Rain: 10.67 ON 20/11/20 Days of Rain: 6 (> .2 mm) 5 (> 2 mm) 0 (> 20 mm) Heat Base: 20.0 Cool Base: 20.0 Method: Integration