Riepiloghi dati NOAA
Seleziona il periodo richiesto
2024: Gen Feb Mar Apr Mag Giu Lug Ago Set Ott Nov Dic
2023: Gen Feb Mar Apr Mag Giu Lug Ago Set Ott Nov Dic
2022: Gen Feb Mar Apr Mag Giu Lug Ago Set Ott Nov Dic
2021: Gen Feb Mar Apr Mag Giu Lug Ago Set Ott Nov Dic
2020: Gen Feb Mar Apr Mag Giu Lug Ago Set Ott Nov Dic
2024: Gen Feb Mar Apr Mag Giu Lug Ago Set Ott Nov Dic
2023: Gen Feb Mar Apr Mag Giu Lug Ago Set Ott Nov Dic
2022: Gen Feb Mar Apr Mag Giu Lug Ago Set Ott Nov Dic
2021: Gen Feb Mar Apr Mag Giu Lug Ago Set Ott Nov Dic
2020: Gen Feb Mar Apr Mag Giu Lug Ago Set Ott Nov Dic
Riepilogo del 2021 Luglio
MONTHLY CLIMATOLOGICAL SUMMARY for JUL. 2021 NAME: SMRS CITY: Rosignano Solvay STATE: Italy ELEV: 24 m LAT: 43° 23' 29" N LONG: 10° 26' 58" E TEMPERATURE (°C), RAIN (mm), WIND SPEED (km/hr) HEAT COOL AVG MEAN DEG DEG WIND DOM DAY TEMP HIGH TIME LOW TIME DAYS DAYS RAIN SPEED HIGH TIME DIR ------------------------------------------------------------------------------------ 1 23.3 25.1 14:00 20.6 23:45 0.0 3.3 0.0 11.7 38.6 7:40 W 2 22.9 25.0 17:25 20.4 6:20 0.0 2.9 0.0 7.6 24.1 11:25 W 3 23.7 27.3 16:30 18.8 4:05 0.1 3.8 0.0 6.3 24.1 12:35 W 4 23.4 26.6 14:45 19.8 6:20 0.0 3.5 0.0 5.3 24.1 13:00 W 5 23.6 25.4 11:25 21.3 3:25 0.0 3.6 0.0 7.6 30.6 10:10 W 6 25.3 29.8 16:20 18.9 6:10 0.0 5.4 0.0 5.0 24.1 14:40 W 7 25.3 29.2 15:05 20.1 6:10 0.0 5.3 0.0 6.0 29.0 17:40 E 8 25.2 29.2 14:40 21.8 2:10 0.0 5.2 0.0 7.1 30.6 11:50 WSW 9 24.0 26.1 13:00 20.8 23:55 0.0 4.0 0.0 9.7 32.2 2:30 W 10 22.1 25.8 16:35 16.8 4:25 0.5 2.6 0.0 7.1 30.6 13:55 W 11 23.4 27.1 16:40 18.6 5:40 0.1 3.6 0.0 6.6 27.4 17:25 W 12 24.6 28.7 15:40 19.2 3:50 0.0 4.6 0.0 7.2 35.4 17:05 ENE 13 24.4 26.9 10:30 22.0 11:45 0.0 4.4 16.0 10.0 41.8 11:25 W 14 21.7 23.2 15:50 19.4 23:30 0.0 1.7 0.0 18.0 54.7 1:45 W 15 21.6 25.2 10:30 16.9 5:45 0.6 2.2 0.0 7.1 29.0 18:25 W 16 22.1 25.4 16:35 19.1 4:35 0.1 2.2 1.0 5.8 33.8 17:20 W 17 21.6 24.3 19:00 17.1 6:35 0.4 2.0 0.0 4.0 25.7 13:55 W 18 25.9 32.5 14:05 18.4 5:55 0.2 6.1 0.0 5.8 30.6 11:45 NE 19 28.5 33.6 15:50 24.7 6:00 0.0 8.5 0.0 9.3 38.6 11:30 NE 20 26.8 31.7 17:00 20.1 6:00 0.0 6.8 0.0 6.8 30.6 14:35 W 21 24.8 28.9 16:50 20.7 5:10 0.0 4.8 0.0 5.8 25.7 13:20 W 22 24.1 26.8 14:35 20.0 5:10 0.0 4.0 0.0 5.3 25.7 14:45 W 23 24.7 26.8 17:15 21.4 4:55 0.0 4.7 0.0 5.3 24.1 15:35 W 24 25.5 29.9 17:10 19.7 6:10 0.0 5.5 0.0 7.1 35.4 15:35 SSE 25 27.4 30.7 15:35 25.0 5:45 0.0 7.4 0.0 12.9 53.1 12:10 SSE 26 26.4 29.8 10:55 24.2 5:10 0.0 6.5 0.0 10.3 51.5 16:55 SSE 27 26.2 29.1 14:10 23.8 7:00 0.0 6.2 0.0 9.5 46.7 13:10 SSE 28 25.7 28.3 17:00 23.5 2:30 0.0 5.7 0.0 8.4 32.2 11:05 S 29 25.4 29.2 15:55 21.1 6:40 0.0 5.4 0.0 5.3 20.9 12:45 W 30 25.3 30.4 17:45 19.8 4:40 0.0 5.4 0.0 4.2 20.9 13:25 W 31 25.2 28.6 15:45 21.3 6:25 0.0 5.2 0.0 7.2 37.0 19:00 W ------------------------------------------------------------------------------------- 24.5 33.6 19 16.8 10 2.1 142.5 17.0 7.6 54.7 14 W Max >= 32.0: 2 Max <= 0.0: 0 Min <= 0.0: 0 Min <= -18.0: 0 Max Rain: 16.00 ON 13/07/21 Days of Rain: 2 (> .2 mm) 1 (> 2 mm) 0 (> 20 mm) Heat Base: 20.0 Cool Base: 20.0 Method: Integration