Riepiloghi dati NOAA
Seleziona il periodo richiesto
2024: Gen Feb Mar Apr Mag Giu Lug Ago Set Ott Nov Dic
2023: Gen Feb Mar Apr Mag Giu Lug Ago Set Ott Nov Dic
2022: Gen Feb Mar Apr Mag Giu Lug Ago Set Ott Nov Dic
2021: Gen Feb Mar Apr Mag Giu Lug Ago Set Ott Nov Dic
2020: Gen Feb Mar Apr Mag Giu Lug Ago Set Ott Nov Dic
2024: Gen Feb Mar Apr Mag Giu Lug Ago Set Ott Nov Dic
2023: Gen Feb Mar Apr Mag Giu Lug Ago Set Ott Nov Dic
2022: Gen Feb Mar Apr Mag Giu Lug Ago Set Ott Nov Dic
2021: Gen Feb Mar Apr Mag Giu Lug Ago Set Ott Nov Dic
2020: Gen Feb Mar Apr Mag Giu Lug Ago Set Ott Nov Dic
Riepilogo del 2021 Novembre
MONTHLY CLIMATOLOGICAL SUMMARY for NOV. 2021 NAME: SMRS CITY: Rosignano Solvay STATE: Italy ELEV: 24 m LAT: 43° 23' 29" N LONG: 10° 26' 58" E TEMPERATURE (°C), RAIN (mm), WIND SPEED (km/hr) HEAT COOL AVG MEAN DEG DEG WIND DOM DAY TEMP HIGH TIME LOW TIME DAYS DAYS RAIN SPEED HIGH TIME DIR ------------------------------------------------------------------------------------ 1 16.7 18.8 17:55 14.9 0:45 3.4 0.0 9.1 10.9 53.1 18:05 N 2 17.8 18.9 13:10 16.1 1:05 2.1 0.0 0.3 21.2 66.0 4:15 W 3 16.9 19.1 10:30 14.1 3:40 3.1 0.0 17.5 13.4 61.2 22:55 SSE 4 16.1 17.4 12:20 13.0 00:00 3.9 0.0 0.8 17.2 57.9 3:50 W 5 13.2 15.0 16:25 10.1 5:00 6.8 0.0 0.0 11.4 43.5 23:50 NE 6 14.1 16.4 12:15 12.6 4:20 6.0 0.0 0.0 24.3 56.3 10:50 NE 7 15.1 18.8 15:30 11.4 4:40 4.9 0.0 11.7 16.9 66.0 0:35 NE 8 15.0 19.2 14:05 11.6 4:20 5.0 0.0 0.3 12.2 51.5 21:20 NE 9 14.6 17.3 13:15 13.1 20:35 5.5 0.0 4.3 22.4 61.2 19:10 ENE 10 17.0 20.1 15:45 14.4 1:05 3.0 0.0 3.0 13.5 46.7 6:00 ENE 11 17.1 20.4 15:15 14.6 23:35 2.9 0.0 1.3 6.6 35.4 4:15 NE 12 16.2 20.3 13:25 13.1 23:45 3.8 0.0 0.3 6.0 25.7 5:05 ENE 13 15.0 18.6 13:25 11.1 7:40 5.0 0.0 2.5 7.1 30.6 13:30 ENE 14 13.7 15.6 12:50 11.8 6:25 6.3 0.0 42.4 7.9 33.8 19:55 NE 15 15.8 19.4 13:55 12.8 5:25 4.2 0.0 3.0 14.3 51.5 6:55 ENE 16 13.4 16.1 2:45 11.1 19:20 6.5 0.0 3.0 17.5 48.3 9:05 NE 17 14.6 18.7 14:45 11.9 0:40 5.5 0.0 0.3 10.5 29.0 1:55 NE 18 15.0 19.4 13:55 10.8 7:10 5.0 0.0 0.0 7.6 29.0 10:55 NE 19 14.6 19.2 14:35 10.1 00:00 5.5 0.0 0.0 4.7 20.9 0:50 NE 20 13.1 17.7 12:25 9.0 1:35 6.9 0.0 0.0 2.6 19.3 12:50 ENE 21 13.0 16.6 14:40 8.3 4:20 7.0 0.0 0.0 4.0 24.1 16:10 ENE 22 14.5 17.3 14:30 12.2 6:00 5.5 0.0 2.5 8.7 29.0 23:55 ENE 23 13.3 15.0 13:10 10.9 23:45 6.7 0.0 0.0 19.8 53.1 12:25 NE 24 12.3 15.9 13:55 10.2 6:15 7.7 0.0 0.0 13.4 41.8 7:30 NE 25 11.6 12.9 6:30 10.2 3:30 8.4 0.0 8.6 8.9 38.6 5:40 ENE 26 11.3 14.2 21:00 9.3 3:30 8.7 0.0 12.7 8.5 54.7 20:45 WSW 27 12.7 14.5 11:00 9.7 20:35 7.3 0.0 3.0 20.3 64.4 8:20 WSW 28 11.2 13.1 1:45 6.9 22:55 8.8 0.0 0.8 19.2 67.6 11:50 WSW 29 6.5 10.0 15:20 1.5 23:35 13.5 0.0 3.3 7.9 30.6 1:15 NE 30 7.2 12.7 14:15 0.3 5:00 12.8 0.0 0.0 5.0 22.5 19:00 ENE ------------------------------------------------------------------------------------- 13.9 20.4 11 0.3 30 181.5 0.0 130.8 12.1 67.6 28 NE Max >= 32.0: 0 Max <= 0.0: 0 Min <= 0.0: 0 Min <= -18.0: 0 Max Rain: 42.42 ON 14/11/21 Days of Rain: 21 (> .2 mm) 14 (> 2 mm) 1 (> 20 mm) Heat Base: 20.0 Cool Base: 20.0 Method: Integration