Riepiloghi dati NOAA
Seleziona il periodo richiesto
2024: Gen Feb Mar Apr Mag Giu Lug Ago Set Ott Nov Dic
2023: Gen Feb Mar Apr Mag Giu Lug Ago Set Ott Nov Dic
2022: Gen Feb Mar Apr Mag Giu Lug Ago Set Ott Nov Dic
2021: Gen Feb Mar Apr Mag Giu Lug Ago Set Ott Nov Dic
2020: Gen Feb Mar Apr Mag Giu Lug Ago Set Ott Nov Dic
2024: Gen Feb Mar Apr Mag Giu Lug Ago Set Ott Nov Dic
2023: Gen Feb Mar Apr Mag Giu Lug Ago Set Ott Nov Dic
2022: Gen Feb Mar Apr Mag Giu Lug Ago Set Ott Nov Dic
2021: Gen Feb Mar Apr Mag Giu Lug Ago Set Ott Nov Dic
2020: Gen Feb Mar Apr Mag Giu Lug Ago Set Ott Nov Dic
Riepilogo del 2022 Agosto
MONTHLY CLIMATOLOGICAL SUMMARY for JUL. 2022 NAME: SMRS CITY: Rosignano Solvay STATE: Italy ELEV: 24 m LAT: 43° 23' 29" N LONG: 10° 26' 58" E TEMPERATURE (°C), RAIN (mm), WIND SPEED (km/hr) HEAT COOL AVG MEAN DEG DEG WIND DOM DAY TEMP HIGH TIME LOW TIME DAYS DAYS RAIN SPEED HIGH TIME DIR ------------------------------------------------------------------------------------ 1 24.2 27.6 14:00 18.5 3:30 0.1 4.3 0.0 6.3 27.4 12:40 W 2 24.3 29.6 18:05 18.6 4:50 0.2 4.5 0.0 6.6 38.6 14:45 W 3 25.6 31.2 19:15 18.9 5:40 0.1 5.7 0.0 6.3 33.8 16:50 W 4 26.3 32.1 15:10 19.6 4:35 0.0 6.4 0.0 5.3 30.6 14:05 W 5 25.1 28.3 14:35 20.4 6:15 0.0 5.1 0.0 5.3 22.5 12:40 W 6 26.6 30.5 14:00 20.4 5:50 0.0 6.6 0.0 6.3 30.6 15:45 W 7 26.2 28.7 17:35 22.9 4:35 0.0 6.2 0.0 7.7 35.4 13:05 W 8 26.8 32.6 15:20 20.2 6:25 0.0 6.9 0.0 9.2 37.0 15:40 ENE 9 25.2 28.6 11:05 19.1 6:00 0.0 5.2 0.0 7.9 33.8 15:55 N 10 25.1 29.3 16:30 19.1 6:40 0.1 5.1 0.0 6.8 29.0 13:05 N 11 24.6 27.9 18:05 19.4 5:05 0.0 4.6 0.0 5.5 25.7 15:05 WSW 12 25.2 28.8 17:10 21.2 6:05 0.0 5.2 0.0 5.5 25.7 14:45 W 13 26.9 32.2 12:45 20.6 6:25 0.0 6.9 0.0 6.0 29.0 13:55 W 14 25.8 29.6 16:00 20.0 6:20 0.0 5.8 0.0 6.6 32.2 15:35 N 15 25.6 29.1 16:15 20.6 5:45 0.0 5.6 0.0 5.6 29.0 16:25 W 16 26.8 31.7 17:05 20.2 4:40 0.0 6.8 0.0 4.2 19.3 12:00 W 17 26.8 30.6 17:30 21.6 5:00 0.0 6.8 0.0 5.6 25.7 11:40 W 18 29.8 34.2 10:30 23.7 5:55 0.0 9.8 0.0 6.3 30.6 15:35 N 19 30.2 35.2 11:40 24.7 6:25 0.0 10.2 0.0 6.1 29.0 10:25 N 20 28.6 33.5 11:05 23.2 5:55 0.0 8.6 0.0 6.0 25.7 14:30 E 21 27.7 30.6 16:15 24.1 6:25 0.0 7.7 0.0 5.0 24.1 14:30 W 22 27.0 30.9 17:35 21.7 6:05 0.0 7.0 0.0 6.1 27.4 12:50 N 23 27.4 30.4 18:35 22.1 4:40 0.0 7.4 0.0 6.1 27.4 12:30 N 24 27.7 30.5 16:25 23.9 6:30 0.0 7.7 0.0 6.4 27.4 12:00 N 25 27.4 30.0 17:25 24.1 5:25 0.0 7.4 0.0 6.3 27.4 14:15 W 26 27.7 30.8 16:55 24.3 5:15 0.0 7.7 0.0 6.1 22.5 11:35 W 27 26.9 29.7 18:00 23.7 7:15 0.0 6.9 0.0 8.0 29.0 15:00 N 28 27.1 30.1 17:30 23.5 6:40 0.0 7.1 0.0 7.4 37.0 15:20 N 29 26.7 29.2 15:40 22.7 5:15 0.0 6.6 0.0 5.1 27.4 15:40 N 30 26.8 28.7 17:25 24.2 4:10 0.0 6.8 0.0 6.8 27.4 16:15 N 31 27.6 31.3 14:50 23.1 6:20 0.0 7.6 0.0 6.4 32.2 15:45 N ------------------------------------------------------------------------------------- 26.6 35.2 19 18.5 1 0.5 206.2 0.0 6.3 38.6 2 W Max >= 32.0: 6 Max <= 0.0: 0 Min <= 0.0: 0 Min <= -18.0: 0 Max Rain: 0.00 ON 01/07/22 Days of Rain: 0 (> .2 mm) 0 (> 2 mm) 0 (> 20 mm) Heat Base: 20.0 Cool Base: 20.0 Method: Integration