Riepiloghi dati NOAA
Seleziona il periodo richiesto
2024: Gen Feb Mar Apr Mag Giu Lug Ago Set Ott Nov Dic
2023: Gen Feb Mar Apr Mag Giu Lug Ago Set Ott Nov Dic
2022: Gen Feb Mar Apr Mag Giu Lug Ago Set Ott Nov Dic
2021: Gen Feb Mar Apr Mag Giu Lug Ago Set Ott Nov Dic
2020: Gen Feb Mar Apr Mag Giu Lug Ago Set Ott Nov Dic
2024: Gen Feb Mar Apr Mag Giu Lug Ago Set Ott Nov Dic
2023: Gen Feb Mar Apr Mag Giu Lug Ago Set Ott Nov Dic
2022: Gen Feb Mar Apr Mag Giu Lug Ago Set Ott Nov Dic
2021: Gen Feb Mar Apr Mag Giu Lug Ago Set Ott Nov Dic
2020: Gen Feb Mar Apr Mag Giu Lug Ago Set Ott Nov Dic
Riepilogo del 2023 Febbraio
MONTHLY CLIMATOLOGICAL SUMMARY for FEB. 2023 NAME: SMRS CITY: Rosignano Solvay STATE: Italy ELEV: 24 m LAT: 43° 23' 29" N LONG: 10° 26' 58" E TEMPERATURE (°C), RAIN (mm), WIND SPEED (km/hr) HEAT COOL AVG MEAN DEG DEG WIND DOM DAY TEMP HIGH TIME LOW TIME DAYS DAYS RAIN SPEED HIGH TIME DIR ------------------------------------------------------------------------------------ 1 9.4 13.8 14:45 5.6 23:00 10.6 0.0 0.0 3.7 25.7 13:10 ENE 2 8.0 13.7 12:00 2.4 7:00 12.0 0.0 0.0 3.5 20.9 14:25 ENE 3 10.3 14.2 15:00 4.3 1:35 9.7 0.0 0.0 4.3 27.4 00:00 W 4 11.9 14.3 15:15 7.7 23:05 8.1 0.0 0.0 6.0 29.0 0:05 W 5 8.6 12.6 15:30 4.8 8:10 11.4 0.0 0.0 7.9 37.0 21:25 ENE 6 5.4 9.2 14:55 1.6 7:30 14.6 0.0 0.0 13.2 37.0 0:50 ENE 7 5.0 8.6 15:15 2.2 5:45 15.0 0.0 0.0 16.4 41.8 6:55 ENE 8 4.2 8.2 13:50 0.7 6:50 15.8 0.0 0.0 14.6 41.8 15:35 ENE 9 3.9 7.5 14:45 1.9 23:50 16.1 0.0 0.0 19.3 54.7 1:50 N 10 4.9 11.0 15:20 0.6 4:55 15.1 0.0 0.0 6.9 24.1 1:45 NE 11 6.3 12.4 12:05 0.3 8:05 13.7 0.0 0.0 5.1 22.5 0:35 ENE 12 6.7 12.5 13:15 -0.2 6:40 13.3 0.0 0.0 4.7 27.4 14:40 ENE 13 9.6 15.2 15:00 4.0 1:00 10.5 0.0 0.0 5.0 24.1 7:05 ENE 14 7.9 13.6 13:35 1.2 3:45 12.1 0.0 0.0 4.5 25.7 13:10 ENE 15 9.1 14.2 14:40 1.9 7:00 10.9 0.0 0.0 4.2 27.4 14:00 NE 16 10.5 12.5 14:35 8.3 0:05 9.5 0.0 0.0 2.4 14.5 5:10 NE 17 11.2 13.9 14:35 8.5 4:55 8.8 0.0 0.0 3.1 17.7 12:30 W 18 11.7 13.1 13:05 10.4 2:55 8.3 0.0 0.0 1.6 11.3 13:20 ENE 19 12.2 15.0 15:40 10.0 23:10 7.8 0.0 1.8 2.9 19.3 13:35 ENE 20 11.6 15.7 11:05 5.8 6:00 8.4 0.0 0.0 2.9 19.3 13:45 E 21 12.7 13.9 14:05 11.9 8:00 7.3 0.0 0.0 4.5 24.1 14:25 E 22 12.6 14.7 13:35 10.8 23:30 7.4 0.0 0.0 3.9 22.5 11:45 ESE 23 12.0 14.8 13:10 7.3 7:05 8.0 0.0 0.0 4.8 20.9 11:35 ENE 24 12.5 14.7 14:40 10.1 2:05 7.5 0.0 1.5 7.2 30.6 14:25 SSE 25 13.3 14.8 13:40 11.8 0:50 6.7 0.0 1.3 7.4 33.8 13:40 S 26 8.2 13.6 0:25 3.5 16:50 11.8 0.0 17.0 17.4 69.2 16:15 N 27 7.5 10.8 13:15 4.9 0:05 12.5 0.0 0.3 19.5 56.3 20:30 N 28 8.3 11.6 14:05 6.3 3:05 11.7 0.0 0.0 24.8 61.2 20:15 N ------------------------------------------------------------------------------------- 9.1 15.7 20 -0.2 12 304.5 0.0 21.8 7.9 69.2 26 ENE Max >= 32.0: 0 Max <= 0.0: 0 Min <= 0.0: 1 Min <= -18.0: 0 Max Rain: 17.02 ON 26/02/23 Days of Rain: 5 (> .2 mm) 1 (> 2 mm) 0 (> 20 mm) Heat Base: 20.0 Cool Base: 20.0 Method: Integration