Riepiloghi dati NOAA
Seleziona il periodo richiesto
2024: Gen Feb Mar Apr Mag Giu Lug Ago Set Ott Nov Dic
2023: Gen Feb Mar Apr Mag Giu Lug Ago Set Ott Nov Dic
2022: Gen Feb Mar Apr Mag Giu Lug Ago Set Ott Nov Dic
2021: Gen Feb Mar Apr Mag Giu Lug Ago Set Ott Nov Dic
2020: Gen Feb Mar Apr Mag Giu Lug Ago Set Ott Nov Dic
2024: Gen Feb Mar Apr Mag Giu Lug Ago Set Ott Nov Dic
2023: Gen Feb Mar Apr Mag Giu Lug Ago Set Ott Nov Dic
2022: Gen Feb Mar Apr Mag Giu Lug Ago Set Ott Nov Dic
2021: Gen Feb Mar Apr Mag Giu Lug Ago Set Ott Nov Dic
2020: Gen Feb Mar Apr Mag Giu Lug Ago Set Ott Nov Dic
Riepilogo del 2023 Giugnio
MONTHLY CLIMATOLOGICAL SUMMARY for JUN. 2023 NAME: SMRS CITY: Rosignano Solvay STATE: Italy ELEV: 24 m LAT: 43° 23' 29" N LONG: 10° 26' 58" E TEMPERATURE (°C), RAIN (mm), WIND SPEED (km/hr) HEAT COOL AVG MEAN DEG DEG WIND DOM DAY TEMP HIGH TIME LOW TIME DAYS DAYS RAIN SPEED HIGH TIME DIR ------------------------------------------------------------------------------------ 1 20.7 24.8 11:25 17.8 5:55 0.5 1.2 0.0 5.0 25.7 14:00 W 2 19.8 23.7 17:55 15.0 6:05 1.3 1.1 0.0 5.8 27.4 13:55 W 3 20.3 23.7 14:40 15.7 5:35 1.0 1.3 0.0 5.5 29.0 16:00 W 4 19.5 22.5 14:50 14.9 5:10 1.3 0.8 4.6 5.5 30.6 17:30 ENE 5 19.6 22.7 16:05 16.4 3:15 1.2 0.8 2.5 6.3 25.7 13:10 ENE 6 20.1 22.7 17:55 17.8 4:30 0.7 0.8 21.3 4.7 22.5 15:10 E 7 20.7 23.8 17:20 16.5 4:50 0.8 1.5 0.0 5.5 29.0 16:50 W 8 21.1 24.9 15:20 15.6 5:55 0.9 2.0 0.0 4.8 24.1 12:15 W 9 21.5 24.7 14:50 16.8 4:05 0.6 2.1 0.0 6.8 29.0 15:20 ENE 10 22.1 24.3 15:55 19.6 6:05 0.0 2.1 1.5 4.3 22.5 15:55 W 11 22.6 26.1 17:00 19.0 6:30 0.1 2.7 0.0 6.3 30.6 14:40 W 12 23.9 28.8 13:10 19.2 5:45 0.0 3.9 0.0 5.6 35.4 16:20 ENE 13 19.9 21.9 0:05 18.4 4:20 0.5 0.4 13.0 2.7 22.5 9:50 E 14 20.1 24.1 17:00 17.6 4:30 0.7 0.8 1.0 5.5 33.8 17:20 NE 15 22.8 27.4 13:30 18.1 4:25 0.3 3.2 0.0 9.3 35.4 7:25 NE 16 22.8 26.3 13:00 18.1 6:15 0.2 3.0 0.0 4.8 29.0 15:45 W 17 22.7 26.7 17:25 18.0 6:45 0.2 2.9 0.0 5.5 24.1 14:55 W 18 22.6 27.3 11:30 16.4 5:35 0.7 3.2 0.0 4.3 20.9 15:50 WSW 19 23.9 27.8 16:05 19.2 2:15 0.0 4.0 0.0 7.4 37.0 14:40 S 20 25.2 29.8 12:05 18.1 5:00 0.1 5.3 0.0 9.2 38.6 16:10 E 21 25.7 29.6 13:50 19.1 6:10 0.1 5.8 0.0 6.6 29.0 18:35 E 22 26.7 31.9 13:30 20.3 6:10 0.0 6.7 0.0 6.9 30.6 15:55 E 23 24.4 26.2 14:50 22.1 00:00 0.0 4.5 0.0 6.1 38.6 1:45 W 24 26.1 31.3 16:45 19.9 5:20 0.0 6.1 0.0 9.2 40.2 10:30 ENE 25 26.3 30.8 13:15 21.8 2:45 0.0 6.3 0.0 8.7 35.4 9:15 NE 26 24.5 27.9 17:15 18.7 4:50 0.1 4.6 0.0 6.0 27.4 14:10 W 27 24.5 29.0 17:05 18.2 5:35 0.1 4.6 0.0 5.0 19.3 13:20 W 28 25.2 27.8 13:50 21.7 5:45 0.0 5.2 0.0 6.3 27.4 16:30 W 29 26.3 31.2 12:45 23.6 00:00 0.0 6.3 0.0 6.9 25.7 14:15 W 30 23.1 25.8 15:30 19.3 9:50 0.0 3.1 32.8 6.6 49.9 9:40 W ------------------------------------------------------------------------------------- 22.8 31.9 22 14.9 4 11.6 96.2 76.7 6.1 49.9 30 W Max >= 32.0: 0 Max <= 0.0: 0 Min <= 0.0: 0 Min <= -18.0: 0 Max Rain: 32.77 ON 30/06/23 Days of Rain: 7 (> .2 mm) 5 (> 2 mm) 2 (> 20 mm) Heat Base: 20.0 Cool Base: 20.0 Method: Integration