Riepiloghi dati NOAA
Seleziona il periodo richiesto
2024: Gen Feb Mar Apr Mag Giu Lug Ago Set Ott Nov Dic
2023: Gen Feb Mar Apr Mag Giu Lug Ago Set Ott Nov Dic
2022: Gen Feb Mar Apr Mag Giu Lug Ago Set Ott Nov Dic
2021: Gen Feb Mar Apr Mag Giu Lug Ago Set Ott Nov Dic
2020: Gen Feb Mar Apr Mag Giu Lug Ago Set Ott Nov Dic
2024: Gen Feb Mar Apr Mag Giu Lug Ago Set Ott Nov Dic
2023: Gen Feb Mar Apr Mag Giu Lug Ago Set Ott Nov Dic
2022: Gen Feb Mar Apr Mag Giu Lug Ago Set Ott Nov Dic
2021: Gen Feb Mar Apr Mag Giu Lug Ago Set Ott Nov Dic
2020: Gen Feb Mar Apr Mag Giu Lug Ago Set Ott Nov Dic
Riepilogo del 2023 Luglio
MONTHLY CLIMATOLOGICAL SUMMARY for JUL. 2023 NAME: SMRS CITY: Rosignano Solvay STATE: Italy ELEV: 24 m LAT: 43° 23' 29" N LONG: 10° 26' 58" E TEMPERATURE (°C), RAIN (mm), WIND SPEED (km/hr) HEAT COOL AVG MEAN DEG DEG WIND DOM DAY TEMP HIGH TIME LOW TIME DAYS DAYS RAIN SPEED HIGH TIME DIR ------------------------------------------------------------------------------------ 1 22.4 25.4 16:15 18.9 5:30 0.2 2.5 38.6 8.0 43.5 1:30 W 2 23.7 27.8 17:45 18.7 5:40 0.1 3.8 0.0 5.3 24.1 16:20 W 3 23.6 26.8 16:45 18.8 6:10 0.1 3.6 0.0 4.5 24.1 13:10 W 4 24.5 27.5 16:25 21.0 5:25 0.0 4.5 0.0 6.8 30.6 14:00 W 5 24.3 27.1 15:40 20.3 6:15 0.0 4.3 0.0 4.7 20.9 11:25 W 6 25.0 29.2 17:25 20.1 3:20 0.0 5.0 0.0 5.1 24.1 19:10 W 7 25.5 30.8 18:30 19.5 4:05 0.0 5.5 0.0 3.9 22.5 14:40 W 8 27.7 31.4 12:10 23.4 4:35 0.0 7.7 0.0 4.5 22.5 10:30 WSW 9 27.7 32.4 18:10 21.6 5:25 0.0 7.7 0.0 4.0 19.3 14:10 W 10 27.4 32.1 17:30 21.8 5:45 0.0 7.4 0.0 3.5 22.5 13:50 W 11 26.9 30.4 17:00 21.9 5:30 0.0 6.9 0.0 4.8 22.5 19:30 WSW 12 27.6 30.4 11:20 24.1 6:15 0.0 7.5 0.0 10.6 48.3 17:00 N 13 27.0 28.6 16:20 25.6 23:20 0.0 7.0 0.0 6.8 37.0 10:30 W 14 26.6 28.9 15:00 22.9 6:10 0.0 6.6 0.0 5.1 22.5 12:40 W 15 26.2 29.4 18:55 21.4 5:40 0.0 6.2 0.0 4.2 22.5 11:25 WSW 16 26.1 29.3 14:20 21.2 6:25 0.0 6.1 0.0 4.5 24.1 12:20 WSW 17 26.4 29.8 16:00 21.4 6:20 0.0 6.5 0.0 4.5 20.9 14:10 W 18 26.9 32.1 16:45 22.0 5:35 0.0 6.9 0.0 3.2 22.5 13:15 W 19 27.0 31.9 16:55 21.3 6:55 0.0 7.0 0.0 3.9 24.1 14:00 W 20 27.5 30.8 10:00 23.6 5:20 0.0 7.5 0.0 4.3 24.1 11:25 WSW 21 27.6 30.8 16:05 23.2 6:15 0.0 7.6 0.0 5.6 27.4 15:35 W 22 27.4 30.9 15:20 22.7 6:25 0.0 7.5 0.0 5.3 22.5 12:55 W 23 27.1 31.7 16:05 21.9 4:20 0.0 7.1 0.0 4.2 17.7 16:50 ENE 24 28.4 32.2 11:50 23.6 3:45 0.0 8.4 0.0 10.3 49.9 20:55 N 25 27.0 31.7 0:40 24.1 8:10 0.0 7.0 3.6 15.9 61.2 21:50 N 26 24.4 25.9 14:40 20.7 00:00 0.0 4.4 0.0 15.6 62.8 0:50 N 27 23.7 27.8 15:55 17.0 5:55 0.3 4.0 0.0 6.0 29.0 16:05 W 28 23.9 28.2 15:10 19.1 5:10 0.1 4.0 0.0 4.7 24.1 17:45 W 29 24.7 27.5 16:35 20.5 6:10 0.0 4.7 0.0 5.0 24.1 14:50 W 30 25.3 28.4 18:35 21.0 4:00 0.0 5.3 0.0 5.3 27.4 19:00 WSW 31 26.6 29.9 15:45 21.6 6:45 0.0 6.6 0.0 6.4 22.5 16:10 W ------------------------------------------------------------------------------------- 26.0 32.4 9 17.0 27 0.8 186.7 42.2 6.0 62.8 26 W Max >= 32.0: 4 Max <= 0.0: 0 Min <= 0.0: 0 Min <= -18.0: 0 Max Rain: 38.61 ON 01/07/23 Days of Rain: 2 (> .2 mm) 2 (> 2 mm) 1 (> 20 mm) Heat Base: 20.0 Cool Base: 20.0 Method: Integration