Riepiloghi dati NOAA
Seleziona il periodo richiesto
2024: Gen Feb Mar Apr Mag Giu Lug Ago Set Ott Nov Dic
2023: Gen Feb Mar Apr Mag Giu Lug Ago Set Ott Nov Dic
2022: Gen Feb Mar Apr Mag Giu Lug Ago Set Ott Nov Dic
2021: Gen Feb Mar Apr Mag Giu Lug Ago Set Ott Nov Dic
2020: Gen Feb Mar Apr Mag Giu Lug Ago Set Ott Nov Dic
2024: Gen Feb Mar Apr Mag Giu Lug Ago Set Ott Nov Dic
2023: Gen Feb Mar Apr Mag Giu Lug Ago Set Ott Nov Dic
2022: Gen Feb Mar Apr Mag Giu Lug Ago Set Ott Nov Dic
2021: Gen Feb Mar Apr Mag Giu Lug Ago Set Ott Nov Dic
2020: Gen Feb Mar Apr Mag Giu Lug Ago Set Ott Nov Dic
Riepilogo del 2023 Settembre
MONTHLY CLIMATOLOGICAL SUMMARY for AUG. 2023 NAME: SMRS CITY: Rosignano Solvay STATE: Italy ELEV: 24 m LAT: 43° 23' 29" N LONG: 10° 26' 58" E TEMPERATURE (°C), RAIN (mm), WIND SPEED (km/hr) HEAT COOL AVG MEAN DEG DEG WIND DOM DAY TEMP HIGH TIME LOW TIME DAYS DAYS RAIN SPEED HIGH TIME DIR ------------------------------------------------------------------------------------ 1 25.2 27.9 13:00 22.3 4:45 0.0 5.1 0.0 6.0 37.0 23:50 WSW 2 25.7 27.9 10:00 22.8 5:10 0.0 5.7 0.0 8.5 33.8 19:05 WSW 3 26.2 29.8 11:55 23.0 3:25 0.0 6.2 0.0 7.2 35.4 16:35 SSE 4 23.6 26.2 3:20 18.8 00:00 0.0 3.6 2.0 8.5 37.0 16:55 N 5 20.9 25.2 16:05 17.4 4:40 0.8 1.8 0.5 6.6 30.6 15:10 N 6 21.4 25.0 11:05 16.3 5:55 0.7 2.1 0.0 8.7 45.1 14:10 N 7 22.5 26.5 16:10 18.3 6:15 0.2 2.7 0.0 6.3 35.4 17:10 N 8 22.3 26.9 15:20 15.8 5:45 0.8 3.1 0.0 4.5 22.5 15:30 W 9 21.6 24.9 15:45 17.2 3:40 0.5 2.1 0.0 5.5 27.4 13:30 N 10 22.5 26.7 19:10 16.9 6:00 0.6 3.1 0.0 5.1 25.7 12:35 N 11 24.2 28.7 15:45 18.2 6:15 0.2 4.4 0.0 4.5 22.5 17:20 W 12 26.6 32.0 16:45 20.1 6:45 0.0 6.5 0.0 5.0 22.5 11:55 N 13 24.3 29.1 17:30 18.5 6:15 0.1 4.5 0.0 6.3 30.6 14:40 N 14 24.8 28.2 18:25 20.1 5:25 0.0 4.8 0.0 5.1 25.7 17:25 N 15 25.0 27.8 17:15 22.0 6:20 0.0 5.0 0.0 4.5 25.7 14:35 N 16 24.9 28.1 16:50 20.9 4:50 0.0 4.9 0.0 4.3 20.9 16:00 N 17 25.7 30.5 18:15 20.7 7:00 0.0 5.7 0.0 5.3 29.0 17:00 N 18 26.3 30.8 17:00 21.6 6:25 0.0 6.3 0.0 3.5 19.3 14:45 W 19 26.9 32.6 16:45 20.2 6:15 0.0 6.9 0.0 4.7 25.7 13:20 N 20 30.9 37.2 16:00 23.5 3:40 0.0 10.9 0.0 7.2 32.2 17:15 NE 21 31.4 38.3 17:05 26.2 6:50 0.0 11.4 0.0 7.9 35.4 11:25 NE 22 31.5 37.3 14:15 26.7 5:10 0.0 11.5 0.0 6.8 35.4 15:40 ENE 23 28.8 34.2 14:15 24.0 7:30 0.0 8.8 0.0 5.6 30.6 15:30 N 24 27.7 32.6 15:30 21.9 6:35 0.0 7.7 0.0 5.3 27.4 16:10 N 25 27.1 30.7 14:45 22.5 6:25 0.0 7.1 0.0 4.7 24.1 15:40 W 26 26.8 32.2 15:50 21.2 6:50 0.0 6.8 0.0 4.3 24.1 11:55 N 27 26.8 30.4 15:15 22.2 5:40 0.0 6.8 0.0 8.2 51.5 00:00 S 28 21.9 27.9 0:05 18.0 22:40 0.4 2.3 39.9 13.5 59.5 11:30 S 29 19.2 23.9 17:15 16.7 4:35 1.5 0.7 34.0 5.8 40.2 18:40 E 30 19.7 23.2 16:50 16.7 4:15 1.3 1.0 10.7 4.5 22.5 18:50 W 31 22.2 25.1 16:15 18.7 6:50 0.1 2.3 0.0 6.9 27.4 18:00 N ------------------------------------------------------------------------------------- 25.0 38.3 21 15.8 8 7.3 161.7 87.1 6.2 59.5 28 N Max >= 32.0: 8 Max <= 0.0: 0 Min <= 0.0: 0 Min <= -18.0: 0 Max Rain: 39.88 ON 28/08/23 Days of Rain: 5 (> .2 mm) 4 (> 2 mm) 2 (> 20 mm) Heat Base: 20.0 Cool Base: 20.0 Method: Integration